{"id":13,"date":"2022-12-20T10:34:31","date_gmt":"2022-12-20T09:34:31","guid":{"rendered":"http:\/\/marie-yin.fr\/?page_id=13"},"modified":"2023-03-07T21:45:26","modified_gmt":"2023-03-07T20:45:26","slug":"impact","status":"publish","type":"page","link":"https:\/\/marie-yin.fr\/index.php\/impact\/","title":{"rendered":"Impact"},"content":{"rendered":"\t\t<div data-elementor-type=\"wp-page\" data-elementor-id=\"13\" class=\"elementor elementor-13\">\n\t\t\t\t\t\t<section class=\"elementor-section elementor-top-section elementor-element elementor-element-fe921a9 elementor-section-boxed elementor-section-height-default elementor-section-height-default\" data-id=\"fe921a9\" data-element_type=\"section\">\n\t\t\t\t\t\t<div class=\"elementor-container elementor-column-gap-default\">\n\t\t\t\t\t<div class=\"elementor-column elementor-col-100 elementor-top-column elementor-element elementor-element-1e7ea98\" data-id=\"1e7ea98\" data-element_type=\"column\">\n\t\t\t<div class=\"elementor-widget-wrap elementor-element-populated\">\n\t\t\t\t\t\t<div class=\"elementor-element elementor-element-99281ce elementor-widget elementor-widget-text-editor\" data-id=\"99281ce\" data-element_type=\"widget\" data-widget_type=\"text-editor.default\">\n\t\t\t\t<div class=\"elementor-widget-container\">\n\t\t\t\t\t\t\t\t\t<p>Impact<\/p>\t\t\t\t\t\t\t\t<\/div>\n\t\t\t\t<\/div>\n\t\t\t\t\t<\/div>\n\t\t<\/div>\n\t\t\t\t\t<\/div>\n\t\t<\/section>\n\t\t\t\t<section class=\"elementor-section elementor-top-section elementor-element elementor-element-c53af39 elementor-section-boxed elementor-section-height-default elementor-section-height-default\" data-id=\"c53af39\" data-element_type=\"section\">\n\t\t\t\t\t\t<div class=\"elementor-container elementor-column-gap-default\">\n\t\t\t\t\t<div class=\"elementor-column elementor-col-50 elementor-top-column elementor-element elementor-element-f1e5ebb\" data-id=\"f1e5ebb\" data-element_type=\"column\">\n\t\t\t<div class=\"elementor-widget-wrap elementor-element-populated\">\n\t\t\t\t\t\t<div class=\"elementor-element elementor-element-321df5b elementor-widget elementor-widget-image\" data-id=\"321df5b\" data-element_type=\"widget\" data-widget_type=\"image.default\">\n\t\t\t\t<div class=\"elementor-widget-container\">\n\t\t\t\t\t\t\t\t\t\t\t\t\t\t\t<img fetchpriority=\"high\" decoding=\"async\" width=\"225\" height=\"300\" src=\"https:\/\/marie-yin.fr\/wp-content\/uploads\/2023\/01\/IMG_20221227_160959-225x300.jpg\" class=\"attachment-medium size-medium wp-image-120\" alt=\"\" srcset=\"https:\/\/marie-yin.fr\/wp-content\/uploads\/2023\/01\/IMG_20221227_160959-225x300.jpg 225w, https:\/\/marie-yin.fr\/wp-content\/uploads\/2023\/01\/IMG_20221227_160959-768x1024.jpg 768w, https:\/\/marie-yin.fr\/wp-content\/uploads\/2023\/01\/IMG_20221227_160959-1152x1536.jpg 1152w, https:\/\/marie-yin.fr\/wp-content\/uploads\/2023\/01\/IMG_20221227_160959-1536x2048.jpg 1536w, https:\/\/marie-yin.fr\/wp-content\/uploads\/2023\/01\/IMG_20221227_160959-scaled.jpg 1920w\" sizes=\"(max-width: 225px) 100vw, 225px\" \/>\t\t\t\t\t\t\t\t\t\t\t\t\t\t\t<\/div>\n\t\t\t\t<\/div>\n\t\t\t\t\t<\/div>\n\t\t<\/div>\n\t\t\t\t<div class=\"elementor-column elementor-col-50 elementor-top-column elementor-element elementor-element-d6c7e7d\" data-id=\"d6c7e7d\" data-element_type=\"column\">\n\t\t\t<div class=\"elementor-widget-wrap elementor-element-populated\">\n\t\t\t\t\t\t<div class=\"elementor-element elementor-element-f328536 elementor-widget elementor-widget-text-editor\" data-id=\"f328536\" data-element_type=\"widget\" data-widget_type=\"text-editor.default\">\n\t\t\t\t<div class=\"elementor-widget-container\">\n\t\t\t\t\t\t\t\t\t<p>Raison d&#8217;\u00eatre :<br><\/p>\t\t\t\t\t\t\t\t<\/div>\n\t\t\t\t<\/div>\n\t\t\t\t<div class=\"elementor-element elementor-element-b08ab26 elementor-widget elementor-widget-text-editor\" data-id=\"b08ab26\" data-element_type=\"widget\" data-widget_type=\"text-editor.default\">\n\t\t\t\t<div class=\"elementor-widget-container\">\n\t\t\t\t\t\t\t\t\t<p><span>\u263e <\/span>Je souhaite par cette entreprise inviter \u00e0 plus de <b>douceur <\/b>envers soi, les autres et la nature.<\/p>\n<p>En d\u00e9veloppant la <b>conscience<\/b> du corps, du souffle, de l&#8217;unit\u00e9 corps\/esprit et en <b>connexion<\/b> avec ce qui nous entoure.<\/p>\n<p><\/p>\t\t\t\t\t\t\t\t<\/div>\n\t\t\t\t<\/div>\n\t\t\t\t\t<\/div>\n\t\t<\/div>\n\t\t\t\t\t<\/div>\n\t\t<\/section>\n\t\t\t\t<section class=\"elementor-section elementor-top-section elementor-element elementor-element-5adcc93 elementor-section-boxed elementor-section-height-default elementor-section-height-default\" data-id=\"5adcc93\" data-element_type=\"section\">\n\t\t\t\t\t\t<div class=\"elementor-container elementor-column-gap-default\">\n\t\t\t\t\t<div class=\"elementor-column elementor-col-100 elementor-top-column elementor-element elementor-element-8ad0429\" data-id=\"8ad0429\" data-element_type=\"column\">\n\t\t\t<div class=\"elementor-widget-wrap elementor-element-populated\">\n\t\t\t\t\t\t<div class=\"elementor-element elementor-element-cdd231d elementor-widget elementor-widget-text-editor\" data-id=\"cdd231d\" data-element_type=\"widget\" data-widget_type=\"text-editor.default\">\n\t\t\t\t<div class=\"elementor-widget-container\">\n\t\t\t\t\t\t\t\t\t<p>Mes missions :<\/p>\t\t\t\t\t\t\t\t<\/div>\n\t\t\t\t<\/div>\n\t\t\t\t<div class=\"elementor-element elementor-element-244a05b elementor-widget elementor-widget-text-editor\" data-id=\"244a05b\" data-element_type=\"widget\" data-widget_type=\"text-editor.default\">\n\t\t\t\t<div class=\"elementor-widget-container\">\n\t\t\t\t\t\t\t\t\t<ul><li>Accompagner les femmes et hommes vers un <b>mieux-\u00eatre<\/b> \u00e0 travers une pratique corporelle respectueuse, d\u00e9veloppant la mobilit\u00e9, la force &amp; souplesse, le contr\u00f4le du souffle et favorisant l\u2019apaisement du mental<\/li><li>Contribuer \u00e0 <b>\u00e9veiller<\/b> la conscience du corps et son lien avec l\u2019esprit, d\u00e9velopper notamment les capacit\u00e9s d\u2019int\u00e9ro et de proprioception<\/li><li>Semer des graines de <b>prises de conscience <\/b>gr\u00e2ce au partage du patrimoine culturel du Yoga, de la M\u00e9decine Traditionnelle Chinoise MTC\u00ae et des valeurs humaines et environnementales que je porte<\/li><li>Faire vivre des <b>exp\u00e9riences<\/b> dans l\u2019instant pr\u00e9sent laissant \u00e9merger sensations et \u00e9motions<\/li><\/ul>\t\t\t\t\t\t\t\t<\/div>\n\t\t\t\t<\/div>\n\t\t\t\t\t<\/div>\n\t\t<\/div>\n\t\t\t\t\t<\/div>\n\t\t<\/section>\n\t\t\t\t<section class=\"elementor-section elementor-top-section elementor-element elementor-element-0b52b84 elementor-section-boxed elementor-section-height-default elementor-section-height-default\" data-id=\"0b52b84\" data-element_type=\"section\">\n\t\t\t\t\t\t<div class=\"elementor-container elementor-column-gap-default\">\n\t\t\t\t\t<div class=\"elementor-column elementor-col-100 elementor-top-column elementor-element elementor-element-2d5ed11\" data-id=\"2d5ed11\" data-element_type=\"column\">\n\t\t\t<div class=\"elementor-widget-wrap elementor-element-populated\">\n\t\t\t\t\t\t<div class=\"elementor-element elementor-element-c63162b elementor-widget elementor-widget-text-editor\" data-id=\"c63162b\" data-element_type=\"widget\" data-widget_type=\"text-editor.default\">\n\t\t\t\t<div class=\"elementor-widget-container\">\n\t\t\t\t\t\t\t\t\t<p>Mes engagements &amp; valeurs :<br><\/p>\t\t\t\t\t\t\t\t<\/div>\n\t\t\t\t<\/div>\n\t\t\t\t\t<\/div>\n\t\t<\/div>\n\t\t\t\t\t<\/div>\n\t\t<\/section>\n\t\t\t\t<section class=\"elementor-section elementor-top-section elementor-element elementor-element-fced81d elementor-section-boxed elementor-section-height-default elementor-section-height-default\" data-id=\"fced81d\" data-element_type=\"section\">\n\t\t\t\t\t\t<div class=\"elementor-container elementor-column-gap-default\">\n\t\t\t\t\t<div class=\"elementor-column elementor-col-33 elementor-top-column elementor-element elementor-element-ffb8541\" data-id=\"ffb8541\" data-element_type=\"column\">\n\t\t\t<div class=\"elementor-widget-wrap elementor-element-populated\">\n\t\t\t\t\t\t<div class=\"elementor-element elementor-element-cae265c elementor-widget elementor-widget-heading\" data-id=\"cae265c\" data-element_type=\"widget\" data-widget_type=\"heading.default\">\n\t\t\t\t<div class=\"elementor-widget-container\">\n\t\t\t\t\t<h2 class=\"elementor-heading-title elementor-size-default\"><span>\u263e <\/span>S\u00e9curit\u00e9 &amp; bien-\u00eatre\n<\/h2>\t\t\t\t<\/div>\n\t\t\t\t<\/div>\n\t\t\t\t<div class=\"elementor-element elementor-element-8eea413 elementor-widget elementor-widget-text-editor\" data-id=\"8eea413\" data-element_type=\"widget\" data-widget_type=\"text-editor.default\">\n\t\t\t\t<div class=\"elementor-widget-container\">\n\t\t\t\t\t\t\t\t\t<p>Cr\u00e9er un espace de s\u00e9curit\u00e9 et de bien-\u00eatre o\u00f9 chacun.e se sente en <b>confiance<\/b> pour pratiquer et s\u2019exprimer dans un cadre de <b>bienveillance<\/b>, de non jugement et dans le respect de la confidentialit\u00e9.<\/p>\t\t\t\t\t\t\t\t<\/div>\n\t\t\t\t<\/div>\n\t\t\t\t\t<\/div>\n\t\t<\/div>\n\t\t\t\t<div class=\"elementor-column elementor-col-33 elementor-top-column elementor-element elementor-element-20f1682\" data-id=\"20f1682\" data-element_type=\"column\">\n\t\t\t<div class=\"elementor-widget-wrap elementor-element-populated\">\n\t\t\t\t\t\t<div class=\"elementor-element elementor-element-81390d4 elementor-widget elementor-widget-heading\" data-id=\"81390d4\" data-element_type=\"widget\" data-widget_type=\"heading.default\">\n\t\t\t\t<div class=\"elementor-widget-container\">\n\t\t\t\t\t<h2 class=\"elementor-heading-title elementor-size-default\"><span>\u263e <\/span>Inclusivit\u00e9 &amp; souverainet\u00e9\n<\/h2>\t\t\t\t<\/div>\n\t\t\t\t<\/div>\n\t\t\t\t<div class=\"elementor-element elementor-element-ac8d3ad elementor-widget elementor-widget-text-editor\" data-id=\"ac8d3ad\" data-element_type=\"widget\" data-widget_type=\"text-editor.default\">\n\t\t\t\t<div class=\"elementor-widget-container\">\n\t\t\t\t\t\t\t\t\t<p>Proposer des s\u00e9ances o\u00f9 chacun.e trouve sa <b>place<\/b> avec la <b>libert\u00e9<\/b> de s\u2019approprier mes suggestions et d\u2019adapter sa pratique afin d\u2019\u00eatre \u00e0 l\u2019\u00e9coute et dans le <b>respect<\/b> de son corps et de soi.<\/p>\t\t\t\t\t\t\t\t<\/div>\n\t\t\t\t<\/div>\n\t\t\t\t\t<\/div>\n\t\t<\/div>\n\t\t\t\t<div class=\"elementor-column elementor-col-33 elementor-top-column elementor-element elementor-element-0cde74a\" data-id=\"0cde74a\" data-element_type=\"column\">\n\t\t\t<div class=\"elementor-widget-wrap elementor-element-populated\">\n\t\t\t\t\t\t<div class=\"elementor-element elementor-element-6779be1 elementor-widget elementor-widget-heading\" data-id=\"6779be1\" data-element_type=\"widget\" data-widget_type=\"heading.default\">\n\t\t\t\t<div class=\"elementor-widget-container\">\n\t\t\t\t\t<h2 class=\"elementor-heading-title elementor-size-default\"><span>\u263e <\/span>Attention &amp; cr\u00e9ation<\/h2>\t\t\t\t<\/div>\n\t\t\t\t<\/div>\n\t\t\t\t<div class=\"elementor-element elementor-element-adce5e4 elementor-widget elementor-widget-text-editor\" data-id=\"adce5e4\" data-element_type=\"widget\" data-widget_type=\"text-editor.default\">\n\t\t\t\t<div class=\"elementor-widget-container\">\n\t\t\t\t\t\t\t\t\t<p>Cr\u00e9er des s\u00e9ances que j\u2019ai <b>exp\u00e9riment\u00e9es<\/b> et r\u00e9fl\u00e9chies pour r\u00e9pondre aux <b>besoins<\/b> et attentes de chacun.e tout en proposant de nouvelles exp\u00e9riences.<\/p>\n<p><br><\/p>\t\t\t\t\t\t\t\t<\/div>\n\t\t\t\t<\/div>\n\t\t\t\t\t<\/div>\n\t\t<\/div>\n\t\t\t\t\t<\/div>\n\t\t<\/section>\n\t\t\t\t<\/div>\n\t\t","protected":false},"excerpt":{"rendered":"<p>Impact Raison d&#8217;\u00eatre : \u263e Je souhaite par cette entreprise inviter \u00e0 plus de douceur envers soi, les autres et la nature. En d\u00e9veloppant la conscience du corps, du souffle, de l&#8217;unit\u00e9 corps\/esprit et en connexion avec ce qui nous entoure. Mes missions : Accompagner les femmes et hommes vers un mieux-\u00eatre \u00e0 travers une [&hellip;]<\/p>\n","protected":false},"author":1,"featured_media":0,"parent":0,"menu_order":0,"comment_status":"closed","ping_status":"closed","template":"","meta":{"footnotes":""},"class_list":["post-13","page","type-page","status-publish","hentry","entry"],"yoast_head":"<!-- This site is optimized with the Yoast SEO plugin v24.7 - https:\/\/yoast.com\/wordpress\/plugins\/seo\/ -->\n<title>Impact - marie-yin<\/title>\n<meta name=\"robots\" content=\"index, follow, max-snippet:-1, max-image-preview:large, max-video-preview:-1\" \/>\n<link rel=\"canonical\" href=\"http:\/\/marie-yin.fr\/index.php\/impact\/\" \/>\n<meta property=\"og:locale\" content=\"en_US\" \/>\n<meta property=\"og:type\" content=\"article\" \/>\n<meta property=\"og:title\" content=\"Impact - marie-yin\" \/>\n<meta property=\"og:description\" content=\"Impact Raison d&#8217;\u00eatre : \u263e Je souhaite par cette entreprise inviter \u00e0 plus de douceur envers soi, les autres et la nature. En d\u00e9veloppant la conscience du corps, du souffle, de l&#8217;unit\u00e9 corps\/esprit et en connexion avec ce qui nous entoure. Mes missions : Accompagner les femmes et hommes vers un mieux-\u00eatre \u00e0 travers une [&hellip;]\" \/>\n<meta property=\"og:url\" content=\"http:\/\/marie-yin.fr\/index.php\/impact\/\" \/>\n<meta property=\"og:site_name\" content=\"marie-yin\" \/>\n<meta property=\"article:modified_time\" content=\"2023-03-07T20:45:26+00:00\" \/>\n<meta property=\"og:image\" content=\"http:\/\/marie-yin.fr\/wp-content\/uploads\/2023\/01\/IMG_20221227_160959-225x300.jpg\" \/>\n<meta name=\"twitter:card\" content=\"summary_large_image\" \/>\n<meta name=\"twitter:label1\" content=\"Est. reading time\" \/>\n\t<meta name=\"twitter:data1\" content=\"2 minutes\" \/>\n<script type=\"application\/ld+json\" class=\"yoast-schema-graph\">{\"@context\":\"https:\/\/schema.org\",\"@graph\":[{\"@type\":\"WebPage\",\"@id\":\"http:\/\/marie-yin.fr\/index.php\/impact\/\",\"url\":\"http:\/\/marie-yin.fr\/index.php\/impact\/\",\"name\":\"Impact - marie-yin\",\"isPartOf\":{\"@id\":\"http:\/\/marie-yin.fr\/#website\"},\"primaryImageOfPage\":{\"@id\":\"http:\/\/marie-yin.fr\/index.php\/impact\/#primaryimage\"},\"image\":{\"@id\":\"http:\/\/marie-yin.fr\/index.php\/impact\/#primaryimage\"},\"thumbnailUrl\":\"http:\/\/marie-yin.fr\/wp-content\/uploads\/2023\/01\/IMG_20221227_160959-225x300.jpg\",\"datePublished\":\"2022-12-20T09:34:31+00:00\",\"dateModified\":\"2023-03-07T20:45:26+00:00\",\"breadcrumb\":{\"@id\":\"http:\/\/marie-yin.fr\/index.php\/impact\/#breadcrumb\"},\"inLanguage\":\"en-US\",\"potentialAction\":[{\"@type\":\"ReadAction\",\"target\":[\"http:\/\/marie-yin.fr\/index.php\/impact\/\"]}]},{\"@type\":\"ImageObject\",\"inLanguage\":\"en-US\",\"@id\":\"http:\/\/marie-yin.fr\/index.php\/impact\/#primaryimage\",\"url\":\"https:\/\/marie-yin.fr\/wp-content\/uploads\/2023\/01\/IMG_20221227_160959-scaled.jpg\",\"contentUrl\":\"https:\/\/marie-yin.fr\/wp-content\/uploads\/2023\/01\/IMG_20221227_160959-scaled.jpg\",\"width\":1920,\"height\":2560},{\"@type\":\"BreadcrumbList\",\"@id\":\"http:\/\/marie-yin.fr\/index.php\/impact\/#breadcrumb\",\"itemListElement\":[{\"@type\":\"ListItem\",\"position\":1,\"name\":\"Accueil\",\"item\":\"https:\/\/marie-yin.fr\/\"},{\"@type\":\"ListItem\",\"position\":2,\"name\":\"Impact\"}]},{\"@type\":\"WebSite\",\"@id\":\"http:\/\/marie-yin.fr\/#website\",\"url\":\"http:\/\/marie-yin.fr\/\",\"name\":\"marie-yin\",\"description\":\"\",\"publisher\":{\"@id\":\"http:\/\/marie-yin.fr\/#organization\"},\"potentialAction\":[{\"@type\":\"SearchAction\",\"target\":{\"@type\":\"EntryPoint\",\"urlTemplate\":\"http:\/\/marie-yin.fr\/?s={search_term_string}\"},\"query-input\":{\"@type\":\"PropertyValueSpecification\",\"valueRequired\":true,\"valueName\":\"search_term_string\"}}],\"inLanguage\":\"en-US\"},{\"@type\":\"Organization\",\"@id\":\"http:\/\/marie-yin.fr\/#organization\",\"name\":\"marie-yin\",\"url\":\"http:\/\/marie-yin.fr\/\",\"logo\":{\"@type\":\"ImageObject\",\"inLanguage\":\"en-US\",\"@id\":\"http:\/\/marie-yin.fr\/#\/schema\/logo\/image\/\",\"url\":\"https:\/\/marie-yin.fr\/wp-content\/uploads\/2023\/03\/cropped-LOGO_marie-yin.png\",\"contentUrl\":\"https:\/\/marie-yin.fr\/wp-content\/uploads\/2023\/03\/cropped-LOGO_marie-yin.png\",\"width\":2326,\"height\":1930,\"caption\":\"marie-yin\"},\"image\":{\"@id\":\"http:\/\/marie-yin.fr\/#\/schema\/logo\/image\/\"}}]}<\/script>\n<!-- \/ Yoast SEO plugin. -->","yoast_head_json":{"title":"Impact - marie-yin","robots":{"index":"index","follow":"follow","max-snippet":"max-snippet:-1","max-image-preview":"max-image-preview:large","max-video-preview":"max-video-preview:-1"},"canonical":"http:\/\/marie-yin.fr\/index.php\/impact\/","og_locale":"en_US","og_type":"article","og_title":"Impact - marie-yin","og_description":"Impact Raison d&#8217;\u00eatre : \u263e Je souhaite par cette entreprise inviter \u00e0 plus de douceur envers soi, les autres et la nature. En d\u00e9veloppant la conscience du corps, du souffle, de l&#8217;unit\u00e9 corps\/esprit et en connexion avec ce qui nous entoure. Mes missions : Accompagner les femmes et hommes vers un mieux-\u00eatre \u00e0 travers une [&hellip;]","og_url":"http:\/\/marie-yin.fr\/index.php\/impact\/","og_site_name":"marie-yin","article_modified_time":"2023-03-07T20:45:26+00:00","og_image":[{"url":"http:\/\/marie-yin.fr\/wp-content\/uploads\/2023\/01\/IMG_20221227_160959-225x300.jpg","type":"","width":"","height":""}],"twitter_card":"summary_large_image","twitter_misc":{"Est. reading time":"2 minutes"},"schema":{"@context":"https:\/\/schema.org","@graph":[{"@type":"WebPage","@id":"http:\/\/marie-yin.fr\/index.php\/impact\/","url":"http:\/\/marie-yin.fr\/index.php\/impact\/","name":"Impact - marie-yin","isPartOf":{"@id":"http:\/\/marie-yin.fr\/#website"},"primaryImageOfPage":{"@id":"http:\/\/marie-yin.fr\/index.php\/impact\/#primaryimage"},"image":{"@id":"http:\/\/marie-yin.fr\/index.php\/impact\/#primaryimage"},"thumbnailUrl":"http:\/\/marie-yin.fr\/wp-content\/uploads\/2023\/01\/IMG_20221227_160959-225x300.jpg","datePublished":"2022-12-20T09:34:31+00:00","dateModified":"2023-03-07T20:45:26+00:00","breadcrumb":{"@id":"http:\/\/marie-yin.fr\/index.php\/impact\/#breadcrumb"},"inLanguage":"en-US","potentialAction":[{"@type":"ReadAction","target":["http:\/\/marie-yin.fr\/index.php\/impact\/"]}]},{"@type":"ImageObject","inLanguage":"en-US","@id":"http:\/\/marie-yin.fr\/index.php\/impact\/#primaryimage","url":"https:\/\/marie-yin.fr\/wp-content\/uploads\/2023\/01\/IMG_20221227_160959-scaled.jpg","contentUrl":"https:\/\/marie-yin.fr\/wp-content\/uploads\/2023\/01\/IMG_20221227_160959-scaled.jpg","width":1920,"height":2560},{"@type":"BreadcrumbList","@id":"http:\/\/marie-yin.fr\/index.php\/impact\/#breadcrumb","itemListElement":[{"@type":"ListItem","position":1,"name":"Accueil","item":"https:\/\/marie-yin.fr\/"},{"@type":"ListItem","position":2,"name":"Impact"}]},{"@type":"WebSite","@id":"http:\/\/marie-yin.fr\/#website","url":"http:\/\/marie-yin.fr\/","name":"marie-yin","description":"","publisher":{"@id":"http:\/\/marie-yin.fr\/#organization"},"potentialAction":[{"@type":"SearchAction","target":{"@type":"EntryPoint","urlTemplate":"http:\/\/marie-yin.fr\/?s={search_term_string}"},"query-input":{"@type":"PropertyValueSpecification","valueRequired":true,"valueName":"search_term_string"}}],"inLanguage":"en-US"},{"@type":"Organization","@id":"http:\/\/marie-yin.fr\/#organization","name":"marie-yin","url":"http:\/\/marie-yin.fr\/","logo":{"@type":"ImageObject","inLanguage":"en-US","@id":"http:\/\/marie-yin.fr\/#\/schema\/logo\/image\/","url":"https:\/\/marie-yin.fr\/wp-content\/uploads\/2023\/03\/cropped-LOGO_marie-yin.png","contentUrl":"https:\/\/marie-yin.fr\/wp-content\/uploads\/2023\/03\/cropped-LOGO_marie-yin.png","width":2326,"height":1930,"caption":"marie-yin"},"image":{"@id":"http:\/\/marie-yin.fr\/#\/schema\/logo\/image\/"}}]}},"_links":{"self":[{"href":"https:\/\/marie-yin.fr\/index.php\/wp-json\/wp\/v2\/pages\/13","targetHints":{"allow":["GET"]}}],"collection":[{"href":"https:\/\/marie-yin.fr\/index.php\/wp-json\/wp\/v2\/pages"}],"about":[{"href":"https:\/\/marie-yin.fr\/index.php\/wp-json\/wp\/v2\/types\/page"}],"author":[{"embeddable":true,"href":"https:\/\/marie-yin.fr\/index.php\/wp-json\/wp\/v2\/users\/1"}],"replies":[{"embeddable":true,"href":"https:\/\/marie-yin.fr\/index.php\/wp-json\/wp\/v2\/comments?post=13"}],"version-history":[{"count":31,"href":"https:\/\/marie-yin.fr\/index.php\/wp-json\/wp\/v2\/pages\/13\/revisions"}],"predecessor-version":[{"id":396,"href":"https:\/\/marie-yin.fr\/index.php\/wp-json\/wp\/v2\/pages\/13\/revisions\/396"}],"wp:attachment":[{"href":"https:\/\/marie-yin.fr\/index.php\/wp-json\/wp\/v2\/media?parent=13"}],"curies":[{"name":"wp","href":"https:\/\/api.w.org\/{rel}","templated":true}]}}